e third derivative of r**6/120 - r**5/15 - 5*r**4/24 - r**3/2 + 2*r**2. What is x(v)?
-3
Let n(p) = 3*p**2 - 12*p - 19. Let j(w) = w**2 - w - 1. Let k(d) = 4*j(d) - n(d). Let y(v) = -1. Let q(h) = k(h) + 6*y(h). What is q(-6)?
-3
Let p(d) = 8 + d + 4 - 5. Suppose 3*f - 15 = -2*f. Suppose -f*u + 0*u = 12. What is p(u)?
3
Let l be 255/34 + (6/4)/(-1). Let j(d) = d**3 - 6*d**2 - 4*d - 1. Calculate j(l).
-25
Let i = 0 + 5. Let q(w) = 0 - 5*w + 6*w - i. Calculate q(5).
0
Suppose -4*p + 20 = -4*y, -2*y - 7 = y + p. Suppose 0*q = 4*q. Let s(z) = 5*z + q*z + 4 + 0*z - 3*z. Calculate s(y).
-2
Suppose 3*u + 149 = h, h - 2*u - 3*u - 145 = 0. Let s be (-3)/4 - h/(-20). Let b(x) = -x**3 + 7*x**2 + x - 1. Calculate b(s).
6
Let q(n) = -15*n**3 + 5*n**2 - n + 8. Let c(x) = -7*x**3 + 2*x**2 + 4. Let z(g) = 13*c(g) - 6*q(g). What is z(-5)?
-1
Let p(v) be the third derivative of -v**5/60 - v**4/8 - v**3/2 - 2*v**2. Let r = 7 - 4. Suppose 2*a - 3*a = r. Determine p(a).
-3
Let v be (-16)/(-20)*(-5)/(-2). Let k = 6 - v. Let q(i) be the first derivative of -i**3/3 + i**2 + 5*i - 1. Determine q(k).
-3
Let i(x) = -x**3 + 2*x**2 - 2*x + 4. Let z(f) = 3*f**2. Let b be z(-1). Determine i(b).
-11
Let m(h) = 5*h + 3. Suppose -4*d + 18 = d - c, 4*c = -5*d + 28. Calculate m(d).
23
Let y(w) = w**2 + w - 2. Let k(n) = 4*n**3 + 1. Let u be k(-1). Give y(u).
4
Let q be (-24)/(-8) + (-1 - -1). Suppose q*t + 3 = -0. Let u(y) = 5*y**2. Calculate u(t).
5
Let q(r) be the first derivative of -r**5/60 - r**4/12 + r**3/3 - r**2 - 3. Let m(s) be the second derivative of q(s). Calculate m(-3).
-1
Suppose -6 = 6*t - 0. Let h(n) = -n + 6*n**2 + 0*n + 5*n**2 - 6*n**2 - 1. Give h(t).
5
Let y(p) = -p - 1. Let h(i) = -4 + 6 + 2 - 1 + 4*i. Let o(t) = -h(t) - 6*y(t). Calculate o(-4).
-5
Let x(m) = m**3 - 5*m**2 - m - 7. Let r be 6/(-1 - 1) + 9. Give x(r).
23
Let y(v) be the third derivative of v**4/24 - 7*v**3/6 + 3*v**2. Give y(8).
1
Suppose 3*t + 4*a = -2, -5*t - 3 = -3*a - 19. Let u(w) = w**3 + 2*w**2 - 5*w. Let p(s) = 6*s**3 + 9*s**2 - 26*s. Let r(f) = -2*p(f) + 11*u(f). Calculate r(t).
2
Let f(g) be the second derivative of -g**4/12 + g**3/3 + g**2 - 4*g + 1. Determine f(-3).
-13
Suppose 2*o = -2*p, 5*o = 5*p - 10 - 0. Let z(l) = l + 4. Let m be z(-2). Let k(q) = 21*q**2 - 10*q**m + 1 - 2*q + 3 - 3. Calculate k(p).
10
Suppose -o + 35 = 4*o. Let s = o + -2. Let p(z) be the third derivative of -z**5/60 + z**4/4 + z**3/6 - z**2. Give p(s).
6
Let d(r) be the third derivative of -1/2*r**3 + 1/120*r**6 + 0 + 1/4*r**4 + 0*r - 1/10*r**5 + 2*r**2. Let y be d(5). Let i(c) = -2*c - 2. Calculate i(y).
-6
Let a be 14/6 + (-2)/6. Suppose 0*d + 2*x = -2*d + 6, -3*d - a*x = -4. Let w(v) be the third derivative of -v**6/120 + v**4/8 + v**3/2 + 2*v**2. Give w(d).
5
Let k(j) = 2*j - 5. Let q(u) = -u**3 - 7*u**2 - u - 3. Let n be 416/(-65) - 3/5. Let h be q(n). What is k(h)?
3
Let s(h) = 7*h + 3. Let o(v) = -22*v - 10. Let d(b) = 2*o(b) + 7*s(b). What is d(-4)?
-19
Let a(d) be the first derivative of d**2 - 3*d - 40. Determine a(3).
3
Let c(x) = -3*x - 5*x**2 + 0*x**3 - x**3 - x. Let g be (-4)/(1 - 17)*68. Suppose -5*b + f - g = 0, 11 + 21 = -5*b - 4*f. Calculate c(b).
0
Let o(q) = q + 2. Let a be o(-5). Let r = -3 - -5. Let k(u) = 2*u**r + 0*u + u - u**2. Calculate k(a).
6
Suppose 2*v = v + 5. Let y(w) be the third derivative of w**4/24 - 5*w**3/6 + 2*w**2 - 3. Calculate y(v).
0
Suppose 58 = 5*a + 3*n, -2*a + 2*n = -2*n - 44. Let f be (-18)/a - (-4)/14. Let m(o) = -4*o**3 - 2*o**2 + 1. Calculate m(f).
3
Let u(n) be the second derivative of n**5/20 - n**4/4 - n**3/3 + 3*n**2/2 + 4*n. What is u(2)?
-5
Let w(u) = -3*u + 0*u**3 - 2 + 15*u**2 - 18*u**2 + u**3. Let d(h) = -h**2 + h + 4. Suppose 0 = -z - o + 1, -5*o + 4 = -1. Let i be d(z). Give w(i).
2
Let g(l) = -7*l**3 - 3*l**2 + 3*l + 5. Let c(k) = -4*k**3 - k**2 + 2*k + 3. Suppose -3*h = -0*h - 15. Let m(j) = h*c(j) - 3*g(j). Give m(-3).
6
Let h(r) = 2*r + 1. Let s(z) = z + 2. Let n(v) = -2*h(v) + 3*s(v). Let u = 3 + 1. Let c be n(u). Let a(k) = -k**3 + k**2 + 11. Give a(c).
11
Let m(i) = -i - 6. Let x be m(0). Let v = x + 2. Let u(j) = 3*j + 1 + 0*j + 2 - 2*j. Determine u(v).
-1
Suppose -4*c + 13 = -2*m - 5, 2*c - 2*m = 8. Let o(p) = -c*p - p**2 + 0*p - 1 + p. Suppose 5*y - 4*y = -3. Determine o(y).
2
Let n(z) be the third derivative of z**6/120 + 7*z**5/60 + z**4/3 + z**3/6 + 2*z**2. Suppose 2*c + 17 - 5 = 0. Determine n(c).
-11
Let a = 9 + -6. Suppose -a*k = 2*f, 0*f - 5*k = -5*f - 50. Let r(b) be the second derivative of b**4/12 + 7*b**3/6 + 9*b**2/2 + 194*b. Determine r(f).
3
Let i be (-2)/5 - (-17)/5. Let a = i - 7. Let w(n) = n**3 + 5*n**2 + 2*n - 5. Determine w(a).
3
Let z(o) = o**3 - 8*o**2 + 7. Let i(t) = -t**3 + t**2. Let p(q) = 2*i(q) + z(q). What is p(-5)?
-18
Let w(q) be the second derivative of -1/60*q**5 + 5/6*q**3 - 1/2*q**2 + 0 + 1/120*q**6 + 0*q**4 + 2*q. Let f(t) be the first derivative of w(t). Calculate f(0).
5
Suppose -v + 0 = -1. Let a(g) = 1 + g**3 + 2 - 6*g**2 + 7*g + v - 3. What is a(5)?
11
Let f(c) = -c**3 + 8*c - 4*c - 7 + 3*c**2 + 3. Suppose -2*i - 3*y = -3, 2*i + 2*y + 2*y = -2. Suppose 0*b + 4*b = n + 9, 2*b = -n + i. Determine f(n).
8
Suppose 5*u - 2*c - 33 = -3*c, 3*c - 9 = 0. Suppose -3*v = w + 13, 2*w + 28 = -2*w - 4*v. Let j = w + u. Let b(d) = -3*d. What is b(j)?
-6
Suppose 4*u - 3 = 1. Let q(k) = -10*k**2 - 1. Determine q(u).
-11
Let a(h) be the first derivative of -17*h**2/2 + h + 1. Determine a(-1).
18
Let f(o) be the second derivative of o**5/20 + 5*o**4/6 + 3*o**3/2 - 3*o**2/2 - 13*o. Calculate f(-9).
-3
Suppose -5*c = -20, -25 = j + c - 6*c. Let d(n) = 3*n + 7. What is d(j)?
-8
Let l(y) be the second derivative of y**5/20 + y**4/3 - y**3 - y**2/2 - 3*y. Calculate l(-5).
4
Let k(s) = s**2 - 5*s - 4. Suppose -4*n - 9 = -21. What is k(n)?
-10
Let a(y) = 5*y - 17. Let g(x) = 2*x - 6. Let k(p) = -3*a(p) + 8*g(p). Let v(z) = -4*z**2 + 2*z + 3*z**3 - 2 + 3*z - 2*z**3. Let l be v(3). Give k(l).
7
Let z(v) = 0*v - 3*v**3 - 6*v**2 + 4*v + 2*v + 4*v**3. What is z(5)?
5
Let x(u) = u**2 + u. Let n = -20 + 24. Suppose -10 = 3*z - c, c + n = -4*z - 0*c. Calculate x(z).
2
Let z(d) = 7 + 18*d - 2 - 19*d. What is z(4)?
1
Let s(z) = z**3 + 6*z**2 + 5*z - 5. Let n be s(-5). Let x(t) = t**2 + 6*t - 3. What is x(n)?
-8
Let j(l) = l**3 + 10*l + 7. Let q(z) = -z**3 - z**2 - 11*z - 7. Let a(r) = 7*j(r) + 6*q(r). Calculate a(5).
2
Let m(j) be the second derivative of j**5/20 - 3*j**4/4 + 7*j**3/6 + 3*j**2/2 + 13*j. Calculate m(8).
-5
Suppose 2*t + 15 - 11 = 0. Suppose 2*l - 4 = -0. Let h(y) = -2*y - 1. Let u(r) = -4*r - 1. Let v(n) = l*u(n) - 5*h(n). Determine v(t).
-1
Suppose 6*f = 3*f. Let h(z) = -4*z**3 - 4*z**2 - 6*z + 1. Let a(o) = o**3 + o**2 + o. Let v(n) = -5*a(n) - h(n). Give v(f).
-1
Let w be 8/8 + (5 - 2). Let h(l) be the third derivative of 1/6*l**3 + 2*l**2 + 1/12*l**w + 0*l + 0 + 7/60*l**5. Give h(-1).
6
Let y(d) = -d**2 + 24 - 1 + 1 - d + 0. Determine y(0).
24
Let u(l) = l**2 - 6*l. Let r(v) = -5*v. Let m(i) = -4*r(i) + 3*u(i). What is m(-3)?
21
Let k(y) = -1. Let p(w) = w**2 + 10*w + 7. Let z(a) = -2*k(a) - p(a). Determine z(-10).
-5
Let h(q) be the third derivative of -7*q**6/360 + q**5/120 - q**3/2 - 6*q**2. Let b(m) be the first derivative of h(m). Determine b(-1).
-8
Let u(q) = -5*q - 11. Let g(w) = 3*w + 6. Let l(z) = -7*g(z) - 4*u(z). What is l(-2)?
4
Let g = 7 - 9. Let m be (3 - -5)*(-1)/g. Let l(x) = -x**2 + 5*x - 4. Calculate l(m).
0
Suppose -3*k + 2 + 1 = 0. Let i(j) be the third derivative of j**4/8 + j**3/6 + 6*j**2 + 1. Give i(k).
4
Let l(r) = 6 - 2 - 5 + 2*r - 7*r. Give l(-3).
14
Let h(z) = -z**3 + 3*z**2 + 6*z - 4. Let x be 1*6*3/6. Let p = x - -1. What is h(p)?
4
Let c(h) be the third derivative of h**4/8 + h**3/6 - 6*h**2. Give c(-2).
-5
Let p(k) = 14*k**2 + 4*k - 5. Let n(z) = -41*z**2 - 11*z + 14. Let d(v) = 4*n(v) + 11*p(v). Suppose -7 = 5*o - 52. Let x = 10 - o. What is d(x)?
-9
Let r(a) be the third derivative of 7*a**2 + 0 - 13/6*a**3 + 1/24*a**4 + 0*a. Calculate r(6).
-7
Let h be 4*((-19)/2 - 2). Let m be 2/(-7) + h/(-14). Let n(f) be the first derivative of f**4/4 - f**3 - f - 6. Determine n(m).
-1
Let p be 6/(-2)*(-15)/9. Suppose -8 = -p*z + 2, -6 = f - z. Let b(c) = -c - 7. Calculate b(f).
-3
Let 